ppose -4*z + 39 = x, 2*x - z = 5*x - 62. Let h = x - -393. What is the hundreds digit of h?
4
Let k be ((-12)/16)/((-1)/4). Suppose 2*r + 4004 = w + k*w, 2*w - 5*r - 1994 = 0. What is the tens digit of (1/4*-2)/((-3)/w)?
6
What is the hundreds digit of (-728710)/120*-6 + 2/(-4)?
4
Suppose 0*q - q = f + 56, -q = 2*f + 107. Let m = f - -146. What is the units digit of m?
5
Let a = 52 + -36. Suppose 4*c - 23 = -u, -3*u + 3 = 2*c - a. Suppose -5*i + i + 34 = 2*w, -59 = -u*w - 4*i. What is the units digit of w?
5
Let d = -31 + -37. Let t = d - -73. Let w(u) = 29*u + 13. What is the hundreds digit of w(t)?
1
Let t be 3/(5 + (-8)/1). What is the units digit of (-5)/(-5)*81 - t?
2
Let j = -270 - -121. Let l = -265 + 185. Let c = l - j. What is the units digit of c?
9
Let o(y) be the third derivative of -y**5/60 + 54*y**3 + 6*y**2. Let v be o(0). Suppose 700 = 8*w - v. What is the hundreds digit of w?
1
Let n = 35 - -61. Suppose -x - 9 = -n. What is the units digit of x?
7
Let y = -6930 + 14140. What is the thousands digit of y?
7
Let w = -27806 + 31059. What is the thousands digit of w?
3
Suppose 190 = -q - 97. Let k = -125 - q. Suppose -k = -b - 17. What is the tens digit of b?
4
Let i(w) = 11*w - 120. Let r be i(10). What is the thousands digit of 5 - -441*r/(-3)?
1
Suppose -6*f + 4*f = -5*g + 5454, -5*f - 3280 = -3*g. Suppose 3265 = 5*n + g. What is the hundreds digit of n?
4
Suppose -4*o + 47 = -1. Let q = -55 + 54. What is the hundreds digit of -139*q/(4/o*3)?
1
Let g be (-1*(4 - 0))/(20/(-270)). Suppose -57*h + 3384 = -g*h. What is the hundreds digit of h?
1
Let w(t) = 6*t**2 - 2*t + 10. Let j be w(5). Let y = 69 + -65. Suppose -n + 30 = -0*n + y*v, -3*v - j = -3*n. What is the units digit of n?
6
Suppose -2*h + 1917 = h + 5*v, 2556 = 4*h + v. Suppose 0 = 5*k - 2*l - 3633, 0 = 2*k - 2*l - 819 - h. What is the hundreds digit of k?
7
Let a(p) = -4*p**3 - 6*p**2 - 4*p - 4. Let z be a(-2). Let d be (2 - 1*z)/(15/255). Let w = 333 + d. What is the tens digit of w?
6
Let k be 438/(-9)*1*-27. Let g = -788 + k. What is the tens digit of g?
2
Let o be 3/((-9)/(-4)) - 2/(-3). Suppose -23 = -3*i - m, 4*m - m - 20 = -o*i. Suppose -i*w + w = -1008. What is the tens digit of w?
6
Suppose -6*q - 3 - 15 = 0. Let o be (-3)/q - (95 + (-1 - -1)). Let t = -22 - o. What is the tens digit of t?
7
Let r(a) = -57*a + 21 + 105*a - 11 + 81*a. What is the units digit of r(4)?
6
Let c = 2915 - 1655. Suppose 0 = -c*q + 1251*q + 7254. What is the units digit of q?
6
Suppose 2142*g - 2173*g + 298592 = 0. What is the hundreds digit of g?
6
What is the tens digit of 4665/(-10)*9/((-63)/14)?
3
Let r = -282 - -282. What is the units digit of ((-616)/6*-3 - r) + -5?
3
What is the ten thousands digit of (-77950)/(-4) - (-13 - ((-153)/18 - 6))?
1
Let y = -7571 - -16662. What is the units digit of y?
1
Suppose 0 = 3*t + u - 95105 - 22950, -t = -3*u - 39325. What is the hundreds digit of t?
3
Suppose 0 = -3*g - 2*k - 112, 3*g + 139 - 20 = 5*k. Let u = g + 64. Suppose -2*z + y + 70 = 0, 3*y = -2*z + 52 + u. What is the tens digit of z?
3
What is the thousands digit of 9622878/897 + (-2)/(-13)?
0
Let x(q) = 2*q - 13. Let s = -97 - -105. Let d be x(s). Suppose 0*c = 4*b - 5*c - 241, 0 = -d*b + 3*c + 180. What is the tens digit of b?
5
Let n = -43 - -102. Suppose -n = -8*f + 269. Suppose z + 6 = f. What is the tens digit of z?
3
Suppose -3*h + 2*z + 15 = 0, -z + 0*z = 0. Suppose 5*t + t = 2886. Suppose -u - 2 = 0, 0*c + h*c - t = 3*u. What is the units digit of c?
5
Suppose 5 = -5*g + 7*g + d, 0 = -5*g + 5*d - 10. What is the hundreds digit of (3 + g)/((-40)/(-5530))?
5
What is the ten thousands digit of (-10)/(-6) - (-1441816)/111?
1
Suppose -13 = -4*d - 1. Suppose r + 2*r - 24 = d*n, -5*r = -15. What is the units digit of (150/n)/(-5)*74/6?
4
What is the hundreds digit of -2*(-16)/(384/37596)?
1
Let o(v) = -406*v**3 - 8*v**2 + 6*v + 1. Let c be o(1). Let w = c + 1479. What is the hundreds digit of w?
0
Let a(r) = 3*r**2 - 16*r - 7. Let q = -58 + 65. Let n be a(q). Suppose 30*h - n*h = 60. What is the tens digit of h?
3
Suppose 3*c + 3*y = 6, -3*y + 15 = -3*c - 3. Let f be 0 + 5 + 0 + c. Suppose -1449 = -f*t - 4*t. What is the tens digit of t?
0
Let u(y) = -7*y + 35. Let l be u(-7). Let h(j) = 7*j**2 + 2*j + 6. Let s be h(3). Let b = l - s. What is the units digit of b?
9
Let t(f) = 8*f - 11. Let w be t(2). Suppose -3*p - 4*h = 15, h - 5*h + w = -p. Let z(b) = -41*b + 26. What is the units digit of z(p)?
1
What is the units digit of 1906750/135 - 672/3780*10/24?
4
Let q(d) = 19*d**3 + 6*d**2 + 4*d - 25. Let p be q(5). Let b = p + -1599. What is the tens digit of b?
2
Suppose 9*r + 124233 = 12*r - 3*k, k + 207079 = 5*r. What is the thousands digit of r?
1
Let y be (5 - -1)*2/3. Suppose -y*t + 303 = -193. Let o = t - -34. What is the tens digit of o?
5
Let w be (25/(-10))/((-2)/4). Suppose -5*f = -w*b - 30, 12 - 2 = -5*b + f. Let r = b + 95. What is the tens digit of r?
9
Let z(u) = -28*u - 7. Let a be z(3). Let b be 379/(-13) - 14/a. Let d = b + 40. What is the tens digit of d?
1
Let z = 1340 + -1323. Let r(p) = 129*p - 3. Let q be r(5). Suppose z*d - 11*d = q. What is the tens digit of d?
0
Let b = -7989 - -11192. What is the thousands digit of b?
3
What is the tens digit of (-3375)/(-10)*4/3?
5
Suppose -4*w + 2*w = 284. Let q(x) = -x**2 + 7*x - 33. Let u be q(17). Let f = w - u. What is the units digit of f?
1
Let s(c) = -2*c**2 - 26*c - 56. Let w be s(-13). What is the hundreds digit of (32/w - 13368/28)*-2?
9
Let i = 27 + -25. Let z be (-145)/(-4) + i - 2/8. Suppose -2*d + z = -48. What is the tens digit of d?
4
Let d be (2/(-3) - 8/(-48))*-6. Suppose 0*t - 72 = -t + 2*j, -d*j + 47 = t. What is the units digit of t?
2
Let x(j) = -6*j - 104. Let v be x(25). Let f = v + 639. What is the tens digit of f?
8
Suppose 20*f + 144 = 8*f. Let p(g) = -g**3 - 2*g**2 + 8*g - 8. What is the units digit of p(f)?
6
What is the hundreds digit of (-1456)/(-1040) + 52858/5?
5
Let r be 92/(-3*(-4)/6). Suppose -50 = l - r. Let g = 20 - l. What is the units digit of g?
4
Let h(w) = 103*w**3 - 7*w**2 + 5*w. Let x be h(4). Suppose -42*b - 8*b + 221 = -479. What is the hundreds digit of 4/b - 1/((-35)/x)?
1
What is the thousands digit of (-3 - -1)/((-170)/790245)?
9
Let x(n) = 4517*n - 42. What is the hundreds digit of x(2)?
9
Let b be -1 + 4 - 840/(-8). Let k = 51 + -45. Suppose 11*v - k*v = 4*y + 564, 4*y - b = -v. What is the hundreds digit of v?
1
Suppose 936 = 2*x + 2*x. Suppose 3*g = -3*w + 2*w - 356, 124 = -g - 3*w. Let y = x + g. What is the units digit of y?
6
Let o be (-34)/17 + (-7 + 0)*-7. Let x = -36 + o. What is the hundreds digit of 2/12 + ((-20955)/(-18))/x?
1
Suppose 3*q - 419 = -4*b, 5*b - 275 - 240 = -2*q. Let n = 414 - b. Let o = -219 + n. What is the units digit of o?
4
Let p(x) be the third derivative of 1/60*x**5 + 0 + 0*x**4 - 11*x**2 - 3/2*x**3 + 0*x. What is the units digit of p(-4)?
7
Let z = -20357 - -56306. Suppose -22*p + z = 8801. What is the units digit of p?
4
Let l(x) be the first derivative of 35*x**4/6 - x**3/2 - 5*x**2 + 8*x + 13. Let b(t) be the first derivative of l(t). What is the tens digit of b(-2)?
7
Let q(z) = z**3 + 6*z**2 + z - 8. Let u be q(-5). Suppose -307 = -3*n + 5*g, -7*n - 521 = -u*n - g. What is the units digit of n?
4
Suppose -441*z + 451*z = 26562 + 34128. What is the tens digit of z?
6
Let x be (-11*2)/(4*2/(-12)). Suppose x*o - 38*o = -1640. What is the units digit of o?
8
Suppose -3*x = o - 3 - 12, -2*x - 3*o = -3. Suppose -x*b - 3 = -4*l - 5*b, 0 = 2*l + 3*b + 9. What is the tens digit of l - 1/(-4) - 6543/(-36)?
8
Suppose 258*r - 276*r = -575658. What is the tens digit of r?
8
Let p(h) = -h + 1. Let k(u) = -u**3 + 18*u**2 + 72*u + 2. Let g(d) = k(d) - 2*p(d). What is the units digit of g(20)?
0
Suppose 5*s = -3*x - 32, 3*x + 7 = -4*s - 21. Let b(o) = -o**3 - 8*o**2 - 15*o - 5. Let k be b(x). What is the units digit of 376/3*(3 + k/6)?
8
Suppose -1114 - 248 = -6*l. Suppose 4*g + l - 1479 = 0. What is the tens digit of g?
1
Let x(z) = 151*z**2 - 19*z - 230. What is the thousands digit of x(-11)?
8
Suppose 0 = -20*d + 297578 + 108822. What is the hundreds digit of d?
3
Let h(l) = 115*l**3 + 2*l**2 - 17*l + 184. What is the tens digit of h(6)?
9
Le